{"id":28,"date":"2025-07-06T21:24:47","date_gmt":"2025-07-06T21:24:47","guid":{"rendered":"https:\/\/mirdeniz.com.tr\/?page_id=28"},"modified":"2025-07-26T17:46:48","modified_gmt":"2025-07-26T17:46:48","slug":"28-2","status":"publish","type":"page","link":"https:\/\/mirdeniz.com.tr\/?page_id=28","title":{"rendered":"Hakk\u0131m\u0131zda"},"content":{"rendered":"\n<div class=\"wp-block-group alignfull has-accent-background-color has-background has-global-padding is-layout-constrained wp-container-core-group-is-layout-669513ed wp-block-group-is-layout-constrained\" style=\"margin-top:0;margin-bottom:0;padding-top:var(--wp--preset--spacing--50);padding-right:var(--wp--preset--spacing--50);padding-bottom:var(--wp--preset--spacing--50);padding-left:var(--wp--preset--spacing--50)\">\n<div class=\"wp-block-columns alignwide is-layout-flex wp-container-core-columns-is-layout-1da03c2a wp-block-columns-is-layout-flex\">\n<div class=\"wp-block-column is-vertically-aligned-stretch is-layout-flow wp-block-column-is-layout-flow\" style=\"flex-basis:50%\">\n<div class=\"wp-block-group is-vertical is-content-justification-stretch is-layout-flex wp-container-core-group-is-layout-444d5ee8 wp-block-group-is-layout-flex\" style=\"min-height:100%\">\n<p class=\"has-heading-font-family has-x-large-font-size\" style=\"line-height:1.2\"><strong>Hakk\u0131m\u0131zda<\/strong><\/p>\n\n\n\n<p>Mirdeniz Bili\u015fim Teknolojileri olarak, bili\u015fim ve teknoloji alan\u0131ndaki bilgi birikimimizi payla\u015fmak ve bu alana ilgi duyanlara yard\u0131mc\u0131 olmak amac\u0131yla yola \u00e7\u0131kt\u0131k. Bilgisayar donan\u0131m\u0131, yaz\u0131l\u0131m, teknik \u00e7\u00f6z\u00fcmler ve dijital d\u00fcnyayla ilgili konularda i\u00e7erikler \u00fcretiyor, deneyimlerimizi aktar\u0131yoruz.<\/p>\n\n\n\n<p>Herhangi bir resmi kurum ya da ticari i\u015fletme de\u011filiz. Tamamen ki\u015fisel \u00e7abalarla y\u00fcr\u00fctt\u00fc\u011f\u00fcm\u00fcz bu platformda, <strong>elimizi ta\u015f\u0131n alt\u0131na koyarak<\/strong> ihtiyac\u0131 olanlara destek olmay\u0131 hedefliyoruz.<\/p>\n\n\n\n<p class=\"has-heading-font-family has-x-large-font-size\" style=\"line-height:1.2\">Sade, g\u00fcvenilir ve anla\u015f\u0131l\u0131r bilgiye ula\u015fmak isteyen herkes i\u00e7in a\u00e7\u0131k ve dost\u00e7a bir ortam sunmay\u0131 \u00f6nemsiyoruz.<\/p>\n\n\n\n<div class=\"wp-block-group has-global-padding is-content-justification-left is-layout-constrained wp-container-core-group-is-layout-9fe8ed88 wp-block-group-is-layout-constrained\">\n<div class=\"wp-block-buttons is-layout-flex wp-block-buttons-is-layout-flex\">\n<div class=\"wp-block-button\"><a class=\"wp-block-button__link wp-element-button\" href=\"https:\/\/youtube.com\/@mirdeniz-bilisim-teknolojileri?si=QLFKw1-0L5AZO7eV\">Youtube Kanal\u0131m\u0131z<\/a><\/div>\n<\/div>\n<\/div>\n<\/div>\n<\/div>\n\n\n\n<div class=\"wp-block-column is-vertically-aligned-center is-layout-flow wp-block-column-is-layout-flow\" style=\"flex-basis:50%\">\n<figure class=\"wp-block-image size-large is-style-rounded is-style-rounded--1\"><img loading=\"lazy\" decoding=\"async\" width=\"1024\" height=\"548\" src=\"https:\/\/mirdeniz.com.tr\/wp-content\/uploads\/2025\/07\/footerbgimg-1024x548.jpg\" alt=\"\" class=\"wp-image-32\" style=\"aspect-ratio:3\/4;object-fit:cover\" srcset=\"https:\/\/mirdeniz.com.tr\/wp-content\/uploads\/2025\/07\/footerbgimg-1024x548.jpg 1024w, https:\/\/mirdeniz.com.tr\/wp-content\/uploads\/2025\/07\/footerbgimg-300x160.jpg 300w, https:\/\/mirdeniz.com.tr\/wp-content\/uploads\/2025\/07\/footerbgimg-768x411.jpg 768w, https:\/\/mirdeniz.com.tr\/wp-content\/uploads\/2025\/07\/footerbgimg.jpg 1498w\" sizes=\"auto, (max-width: 1024px) 100vw, 1024px\" \/><\/figure>\n<\/div>\n<\/div>\n<\/div>\n\n\n\n<div class=\"wp-block-group alignfull has-base-background-color has-background has-global-padding is-layout-constrained wp-container-core-group-is-layout-d89aad35 wp-block-group-is-layout-constrained\" style=\"margin-top:0;margin-bottom:0;padding-top:var(--wp--preset--spacing--50);padding-right:var(--wp--preset--spacing--50);padding-bottom:var(--wp--preset--spacing--50);padding-left:var(--wp--preset--spacing--50)\">\n<div class=\"wp-block-columns alignwide is-layout-flex wp-container-core-columns-is-layout-549b0c86 wp-block-columns-is-layout-flex\">\n<div class=\"wp-block-column is-layout-flow wp-container-core-column-is-layout-119bc444 wp-block-column-is-layout-flow\" style=\"flex-basis:60%\">\n<p><strong>Mirdeniz Bili\u015fim Teknolojileri<\/strong>, bili\u015fim ve teknolojiye ilgi duyanlar i\u00e7in kurulmu\u015f ki\u015fisel bir platformdur. Bilgisayar sistemleri, yaz\u0131l\u0131m \u00e7\u00f6z\u00fcmleri, donan\u0131m tavsiyeleri ve dijital konularda bilgi payla\u015f\u0131m\u0131 yap\u0131lmaktad\u0131r.<\/p>\n\n\n\n<p><strong>Amac\u0131m\u0131z<\/strong>; tecr\u00fcbelerimizi ve bilgilerimizi ba\u015fkalar\u0131na yard\u0131mc\u0131 olacak \u015fekilde payla\u015fmak, ihtiya\u00e7 duyanlara <strong>elimizden geldi\u011fince<\/strong> rehberlik etmektir. Herhangi bir ticari faaliyet veya resmi sat\u0131\u015f i\u015flemi y\u00fcr\u00fct\u00fclmemektedir.<\/p>\n\n\n\n<p>Teknolojiyle ilgilenen herkese a\u00e7\u0131k olan bu platformda; samimi, sade ve anla\u015f\u0131l\u0131r i\u00e7erikler sunmaya \u00f6zen <strong>g\u00f6steriyoruz<\/strong>.<\/p>\n<\/div>\n\n\n\n<div class=\"wp-block-column has-global-padding is-content-justification-left is-layout-constrained wp-container-core-column-is-layout-4f15e8fe wp-block-column-is-layout-constrained\" style=\"flex-basis:40%\">\n<p>Mirdeniz , teknolojiye merakl\u0131 bireyler i\u00e7in haz\u0131rlanm\u0131\u015f ba\u011f\u0131ms\u0131z bir bilgi ve payla\u015f\u0131m platformudur. Bilgisayar donan\u0131m\u0131, yaz\u0131l\u0131m tavsiyeleri, teknik bilgiler ve dijital d\u00fcnyan\u0131n \u00e7e\u015fitli konular\u0131nda i\u00e7erikler sunmay\u0131 ama\u00e7l\u0131yoruz.<\/p>\n\n\n\n<p>Hedefimiz; \u00f6\u011frendiklerimizi payla\u015farak ba\u015fkalar\u0131n\u0131n da geli\u015fimine katk\u0131 sa\u011flamak ve teknolojiyle ilgili konularda <strong>elimizden geldi\u011fince<\/strong> yol g\u00f6sterici olmakt\u0131r. Sitemizde herhangi bir ticari hizmet ya da sat\u0131\u015f faaliyeti bulunmamaktad\u0131r.<\/p>\n\n\n\n<p>Payla\u015f\u0131m odakl\u0131 bu platformda, herkesin anlayabilece\u011fi yal\u0131n ve g\u00fcvenilir i\u00e7erikler \u00fcretmeye <strong>\u00f6nem veriyoruz<\/strong>.<\/p>\n<\/div>\n<\/div>\n<\/div>\n\n\n\n<div class=\"wp-block-group alignfull has-accent-5-background-color has-background has-global-padding is-layout-constrained wp-container-core-group-is-layout-d89aad35 wp-block-group-is-layout-constrained\" style=\"margin-top:0;margin-bottom:0;padding-top:var(--wp--preset--spacing--50);padding-right:var(--wp--preset--spacing--50);padding-bottom:var(--wp--preset--spacing--50);padding-left:var(--wp--preset--spacing--50)\">\n<div class=\"wp-block-columns alignwide is-layout-flex wp-container-core-columns-is-layout-1da03c2a wp-block-columns-is-layout-flex\">\n<div class=\"wp-block-column is-vertically-aligned-center is-layout-flow wp-block-column-is-layout-flow\" style=\"flex-basis:60%\">\n<figure class=\"wp-block-image size-full is-style-rounded wp-duotone-duotone-1 is-style-rounded--2\"><img loading=\"lazy\" decoding=\"async\" width=\"1400\" height=\"600\" src=\"https:\/\/mirdeniz.com.tr\/wp-content\/uploads\/2025\/07\/slider-1.png\" alt=\"\" class=\"wp-image-39\" style=\"aspect-ratio:4\/3;object-fit:cover\" srcset=\"https:\/\/mirdeniz.com.tr\/wp-content\/uploads\/2025\/07\/slider-1.png 1400w, https:\/\/mirdeniz.com.tr\/wp-content\/uploads\/2025\/07\/slider-1-300x129.png 300w, https:\/\/mirdeniz.com.tr\/wp-content\/uploads\/2025\/07\/slider-1-1024x439.png 1024w, https:\/\/mirdeniz.com.tr\/wp-content\/uploads\/2025\/07\/slider-1-768x329.png 768w\" sizes=\"auto, (max-width: 1400px) 100vw, 1400px\" \/><\/figure>\n<\/div>\n<\/div>\n<\/div>\n\n\n\n<div class=\"wp-block-group alignfull has-global-padding is-layout-constrained wp-container-core-group-is-layout-d89aad35 wp-block-group-is-layout-constrained\" style=\"margin-top:0;margin-bottom:0;padding-top:var(--wp--preset--spacing--50);padding-right:var(--wp--preset--spacing--50);padding-bottom:var(--wp--preset--spacing--50);padding-left:var(--wp--preset--spacing--50)\"><\/div>\n","protected":false},"excerpt":{"rendered":"<p>Hakk\u0131m\u0131zda Mirdeniz Bili\u015fim Teknolojileri olarak, bili\u015fim ve teknoloji alan\u0131ndaki bilgi birikimimizi payla\u015fmak ve bu alana ilgi duyanlara yard\u0131mc\u0131 olmak amac\u0131yla yola \u00e7\u0131kt\u0131k. Bilgisayar donan\u0131m\u0131, yaz\u0131l\u0131m, teknik \u00e7\u00f6z\u00fcmler ve dijital d\u00fcnyayla ilgili konularda i\u00e7erikler \u00fcretiyor, deneyimlerimizi aktar\u0131yoruz. Herhangi bir resmi kurum ya da ticari i\u015fletme de\u011filiz. Tamamen ki\u015fisel \u00e7abalarla y\u00fcr\u00fctt\u00fc\u011f\u00fcm\u00fcz bu platformda, elimizi ta\u015f\u0131n alt\u0131na koyarak [&hellip;]<\/p>\n","protected":false},"author":1,"featured_media":0,"parent":0,"menu_order":0,"comment_status":"closed","ping_status":"closed","template":"","meta":{"footnotes":""},"class_list":["post-28","page","type-page","status-publish","hentry"],"_links":{"self":[{"href":"https:\/\/mirdeniz.com.tr\/index.php?rest_route=\/wp\/v2\/pages\/28","targetHints":{"allow":["GET"]}}],"collection":[{"href":"https:\/\/mirdeniz.com.tr\/index.php?rest_route=\/wp\/v2\/pages"}],"about":[{"href":"https:\/\/mirdeniz.com.tr\/index.php?rest_route=\/wp\/v2\/types\/page"}],"author":[{"embeddable":true,"href":"https:\/\/mirdeniz.com.tr\/index.php?rest_route=\/wp\/v2\/users\/1"}],"replies":[{"embeddable":true,"href":"https:\/\/mirdeniz.com.tr\/index.php?rest_route=%2Fwp%2Fv2%2Fcomments&post=28"}],"version-history":[{"count":9,"href":"https:\/\/mirdeniz.com.tr\/index.php?rest_route=\/wp\/v2\/pages\/28\/revisions"}],"predecessor-version":[{"id":96,"href":"https:\/\/mirdeniz.com.tr\/index.php?rest_route=\/wp\/v2\/pages\/28\/revisions\/96"}],"wp:attachment":[{"href":"https:\/\/mirdeniz.com.tr\/index.php?rest_route=%2Fwp%2Fv2%2Fmedia&parent=28"}],"curies":[{"name":"wp","href":"https:\/\/api.w.org\/{rel}","templated":true}]}}